culate x(-1).
-349
Let t(v) = -v**3 + 21*v**2 - 106*v + 23. Calculate t(13).
-3
Let t(x) = -9*x**2 - 690*x + 231. Give t(-77).
0
Let c(m) = -243*m + 472. What is c(2)?
-14
Let y(h) = h**3 + 27*h**2 + 73*h + 19. Give y(-24).
-5
Let c(a) = a**2 - 7*a - 149. Determine c(-11).
49
Let d(b) = -257*b - 8223. Determine d(-32).
1
Let j(y) = -y**2 - 91*y + 1345. What is j(12)?
109
Let z(d) = -7*d**2 - 578*d + 3716. What is z(6)?
-4
Let h(j) = 2*j**2 + 21*j - 210. Determine h(6).
-12
Let y(q) = -7*q**2 + 139*q - 217. What is y(18)?
17
Let a(f) = f**2 + 159*f + 2516. What is a(-18)?
-22
Let j(a) = 23*a**2 - 259*a + 58. Determine j(11).
-8
Let o(w) = 44*w**2 + 482*w. Determine o(-11).
22
Let t(h) = -27*h**2 + 727*h + 54. Give t(27).
0
Let m(q) = -5*q**3 - 5*q**2 - 8*q - 4. Give m(-1).
4
Let q(h) = 930*h + 31633. Determine q(-34).
13
Let t(f) = 32*f**2 - 241*f + 283. Calculate t(6).
-11
Let m(s) = -7*s - 168. What is m(-25)?
7
Let c(y) = y**3 - 2*y**2 + 17*y - 88. Determine c(5).
72
Let g(d) = -d**2 - 19*d - 183. Determine g(-19).
-183
Let k(r) = r**2 + 19*r + 100. Determine k(-9).
10
Let i(f) = 73*f - 3873. What is i(53)?
-4
Let a(r) = 3*r**2 - 18*r - 1038. What is a(22)?
18
Let n(c) = -c**2 - 13*c - 77. Determine n(-18).
-167
Let c(y) = 2*y**2 + 27*y - 709. Give c(-26).
-59
Let w(n) = 38*n - 594. Give w(23).
280
Let l(u) = -4*u**2 + 30*u - 36. What is l(4)?
20
Let i(v) = 4*v + 23. What is i(-3)?
11
Let s(w) = -14*w + 130. Give s(-29).
536
Let x(g) = -279*g + 7249. Determine x(26).
-5
Let b(c) = -c**3 + 6*c**2 + 6*c - 29. Calculate b(3).
16
Let a(s) = s**3 - 21*s**2 + 42*s - 72. Calculate a(19).
4
Let u(h) = -2*h**2 - 267*h + 63094. Give u(123).
-5
Let r(t) = 24*t**2 + 140*t - 34. Calculate r(-6).
-10
Let d(k) = k**3 - 3*k**2 - 381*k + 1129. Give d(3).
-14
Let b(c) = -314*c + 2234. Calculate b(7).
36
Let p(o) = -o**3 - 9*o**2 - 9*o + 60. What is p(-6)?
6
Let d(h) = 34*h - 2624. Determine d(77).
-6
Let h(w) = -19*w - 3917. What is h(-206)?
-3
Let s(z) = -834*z + 25844. Give s(31).
-10
Let a(i) = -68*i - 371. Calculate a(-5).
-31
Let a(z) = -z**3 + 77*z**2 + 2186*z - 787. Determine a(99).
5
Let s(c) = 2*c**3 - 3*c**2 - 95*c - 288. Give s(-3).
-84
Let g(c) = -c**3 - 32*c**2 + 12*c + 413. What is g(-32)?
29
Let f(r) = -2*r**2 + 67*r - 935. Give f(18).
-377
Let m(w) = -7*w - 181. Determine m(-15).
-76
Let m(g) = -13*g**2 + 431*g - 64. Calculate m(33).
2
Let k(u) = -2780*u + 19461. Calculate k(7).
1
Let k(h) = 6*h**2 + 837*h + 1244. Give k(-138).
2
Let r(x) = 7*x - 28. Give r(-31).
-245
Let c(s) = s**3 + 7*s**2 + 5*s + 190. What is c(-9)?
-17
Let z(n) = -n**3 - 20*n**2 + 19*n - 13. What is z(-21)?
29
Let r(y) = y**2 + 167*y + 1147. Determine r(-7).
27
Let i(k) = -977*k - 2962. Calculate i(-3).
-31
Let b(n) = -2*n**2 - 23*n + 9. Give b(-11).
20
Let g(s) = 5*s**2 + 26*s - 133. Calculate g(5).
122
Let j(o) = 2*o**2 + 10*o - 3. Give j(-12).
165
Let o(v) = -45*v - 51. Calculate o(-1).
-6
Let r(d) = 363*d - 2531. Determine r(7).
10
Let p(k) = 42*k - 148. Calculate p(3).
-22
Let d(k) = 5*k - 177. Give d(31).
-22
Let a(z) = 3*z**2 + 18*z. Calculate a(-7).
21
Let p(y) = 242*y + 13578. What is p(-56)?
26
Let p(s) = 55*s + 280. Determine p(-5).
5
Let g(w) = w**2 - 12*w + 32. Determine g(3).
5
Let t(i) = -2*i**3 + 280*i**2 - 557*i + 687. Calculate t(138).
-3
Let v(y) = -y**2 - 26*y + 25. Determine v(-29).
-62
Let g(x) = -x**2 - 78*x + 1732. Give g(-96).
4
Let d(c) = -6*c**2 - 3293*c - 19548. What is d(-6)?
-6
Let m(h) = 102*h - 914. What is m(9)?
4
Let j(a) = -88*a - 184. Give j(-6).
344
Let k(i) = i**3 - 28*i**2 + 29*i + 60. What is k(27)?
114
Let l(f) = -f**2 - 102*f + 54996. What is l(-291)?
-3
Let o(t) = -103*t + 991. Give o(10).
-39
Let l(k) = -104*k - 444. Give l(-4).
-28
Let k(g) = -146*g - 5396. Determine k(-37).
6
Let g(r) = -2*r**2 + 483*r - 3728. Calculate g(8).
8
Let z(u) = -u**2 + 483*u + 72388. Give z(-120).
28
Let r(w) = -8*w**2 + 574*w + 166. Calculate r(72).
22
Let k(t) = -10*t**2 - 490*t + 116. Determine k(-49).
116
Let m(l) = -165*l + 10071. Calculate m(61).
6
Let f(h) = -12*h**2 - 88*h - 5. Calculate f(4).
-549
Let x(s) = -42*s**2 - 253*s - 9. What is x(-6)?
-3
Let y(x) = 120*x**2 + 1323*x + 27. Calculate y(-11).
-6
Let c(d) = d**3 - 91*d**2 - 278*d - 435. Calculate c(94).
-59
Let p(l) = 17*l**2 - 23*l - 56. What is p(-2)?
58
Let s(t) = 16*t**2 - 867*t - 8. Calculate s(54).
-170
Let y(s) = 346*s - 2810. Calculate y(8).
-42
Let o(a) = -38*a - 2751. Calculate o(-73).
23
Let v(t) = -t**3 - 23*t**2 - 81*t - 260. What is v(-19)?
-165
Let h(y) = -77*y**2 + 384*y + 4. What is h(5)?
-1
Let s(d) = d**3 + 37*d**2 - 22*d - 843. Calculate s(-37).
-29
Let v(b) = 1574*b - 3095. What is v(2)?
53
Let b(h) = h**2 + 96*h + 1734. Give b(-24).
6
Let m(w) = -4*w**3 - 80*w**2 + 84*w + 1. Calculate m(-21).
1
Let f(i) = i**3 - 30*i**2 - 2*i - 4. Determine f(30).
-64
Let f(u) = -3*u**2 - 56*u - 372. Determine f(-9).
-111
Let g(u) = -39*u**2 + 73*u - 9. What is g(-3)?
-579
Let x(d) = -4*d**3 - 6*d**2 + 8*d + 22. Calculate x(-5).
332
Let g(a) = 4*a**3 - 206*a**2 + 111*a - 456. Determine g(51).
3
Let g(h) = -34*h**3 + 3*h**2 + 10*h + 9. What is g(-2)?
273
Let w(s) = 2*s**2 + 26*s - 65. Calculate w(-15).
-5
Let g(c) = -c**3 - 55*c**2 + 64*c + 458. What is g(-56)?
10
Let i(m) = m**2 + 32*m + 274. Determine i(-11).
43
Let g(s) = -95*s + 5. Give g(0).
5
Let b(k) = k**3 + 32*k**2 + 574*k + 12939. What is b(-28)?
3
Let f(w) = 69*w + 20. What is f(0)?
20
Let b(s) = s**3 - 4*s**2 - 18*s + 12. Determine b(8).
124
Let g(s) = 489*s - 31768. What is g(65)?
17
Let h(k) = 7*k**2 + 268*k + 34. Determine h(-38).
-42
Let c(u) = -u**3 - 16*u**2 - 12*u + 7. Give c(-15).
-38
Let p(r) = -127*r - 5314. Calculate p(-42).
20
Let d(l) = -15*l + 514. Give d(68).
-506
Let y(r) = r**2 - 57*r - 1163. Give y(73).
5
Let l(s) = -s**2 - 776*s + 15114. Give l(19).
9
Let p(r) = -r**2 - 28*r - 7. Determine p(-12).
185
Let v(w) = 7*w**2 - 3*w - 742. What is v(-10)?
-12
Let m(p) = 4*p**2 - 34*p + 11. Determine m(9).
29
Let o(a) = a**2 - 24*a - 33. What is o(25)?
-8
Let d(i) = 3*i**2 + 121*i + 93. Determine d(-42).
303
Let b(w) = 16*w**2 + 5*w - 13. Give b(2).
61
Let w(c) = -2*c**2 - 4*c + 270. Determine w(11).
-16
Let y(h) = -h**3 - 52*h**2 - 106*h - 163. Determine y(-50).
137
Let a(c) = 13*c + 39. Calculate a(-13).
-130
Let s(i) = -i**3 - 28*i**2 + 33*i - 683. Determine s(-30).
127
Let y(v) = -v**3 - 3*v**2 + 13*v + 54. What is y(-10)?
624
Let s(j) = -j**3 - 8*j**2 + 28*j + 5. Determine s(3).
-10
Let f(p) = -37*p + 230. Calculate f(13).
-251
Let d(w) = -121*w + 79. Calculate d(-2).
321
Let g(k) = 154*k - 313. What is g(2)?
-5
Let m(b) = 238*b + 10694. What is m(-45)?
-16
Let j(v) = -2*v**3 + 10*v**2 - 18*v + 31. Give j(4).
-9
Let v(d) = d**2 + 6*d - 8. What is v(-9)?
19
Let a(o) = 5*o**2 - 378*o - 2430. Calculate a(-6).
18
Let d(m) = -m**2 - 493*m + 6051. Determine d(12).
-9
Let n(c) = c**3 + 14*c**2 - 64*c - 915. Determine n(-14).
-19
Let c(o) = -566*o - 1671. Give c(-3).
27
Let i(u) = -249*u + 2498. Determine i(10).
8
Let n(b) = -b**2 - 2573*b + 91274. Determine n(35).
-6
Let h(c) = -18*c**2 + 92*c - 15. What is h(6)?
-111
Let v(j) = -j**2 - 40*j - 55. Calculate v(-38).
21
Let j(f) = -2*f**3 - 2*f**2 + 1. Give j(1).
-3
Let g(q) = -6*q**3 - 82*q**2 - 14*q + 5. Determine g(-13).
-489
Let h(b) = -b**3 - 5*b**2 - 2*b + 9. What is h(-3)?
-3
Let q(z) = 22*z + 208. Determine q(-8).
32
Let h(k) = 37*k + 35. What is h(-1)?
-2
Let h(b) = -25*b**2 - 14*b + 66. Give h(-3).
-117
Let z(u) = u**2 + 156*u + 904. What is z(-6)?
4
Let w(y) = 2*y**3 - 12*y**2 - 24*y + 126. Give w(6).
-18
Let q(j) = j**3 + 58*j**2 + 477*j - 30. Determine q(-10).
0
Let w(v) = -v**2 + 150*v - 720. Determine w(5).
5
Let w(o) = -o**2 - 11*o - 11. What is w(-13)?
-37
Let h(z) = -z**3 - 16*z**2 - 16*z + 218. Give h(-16).
474
Let l(n) = 550*n - 7207. Determine l(13).
-57
Let l(z) = -8*z + 84. Calculate l(6).
36
Let k(n) = 3*n**2 + 34*n + 80. Give k(-3).
5
Let d(c) = 209*c - 11. Determine d(0).
-11
Let j(l) = l**3 + 28*l**2 - 63*l - 98. Calculate j(-30).
-8
Let l(q) = 3*q**3 - 46*q**2 + 94*q + 5. Give l(13).
44
Let g(f) = f**2 + 31*f + 23. Give g(-26).
-107
Let z(r) = -749*r + 87641. Calculate z(117).
8
Let h(k) = 361*k + 5796. Give h(-16).
20
Let f(k) = 